- 16. Calculate o(v).
-8
Let f(d) = d**3. Let o(t) = -12*t**2 + 2*t + 2. Let h be o(-1). Let w = h - -13. Let b be 8/(-10)*(w/2 + 2). Give f(b).
-8
Let y(f) = f**3 + 8*f**2 + 9*f + 5. Let p be (8/(-7))/(-2) - (-1325)/(-175). What is y(p)?
-9
Let j(q) be the second derivative of -2 - 5/12*q**4 - 1/20*q**5 + q**2 - 1/6*q**3 + 30*q. Determine j(-5).
7
Let h(z) = 10. Let l(v) = -v - 11. Let t(d) = -4*h(d) - 7*l(d). Determine t(-5).
2
Let d(o) = 26*o. Let a(u) = -17*u. Suppose 4*m = 7*m + 15. Let s(f) = m*d(f) - 7*a(f). Calculate s(-2).
22
Let r(u) = -3*u + 4*u + 3*u - 5*u. Let s(f) = f**2 + 7*f + 38. Let l(h) = -4*r(h) + s(h). Let t(g) be the first derivative of l(g). Determine t(-8).
-5
Let y(v) = 2*v**2 - 8*v - 2. Let p be y(4). Let l(x) = x**2 - x - 4. Let n be l(p). Let z(d) = d - 7. Let a(m) = -1. Let w(r) = -5*a(r) + z(r). Determine w(n).
0
Let m(x) = -x**3 - x**2 + 1. Let w(d) = -240*d + 240*d - d**2 + 1. Let l(a) = -m(a) - 4*w(a). Calculate l(-4).
11
Let p(q) = -147*q - 2356. Let t be p(-16). Let b(f) = 2*f**3 + 8*f**2 + 3*f - 2. Determine b(t).
-14
Let u be 13 - -1 - (-131 + 139). Let b(t) = -5*t**2 - 7 - 4*t + 12*t**2 - 2*t**3 + t**3. Let v be b(u). Let f(n) = -3*n + 7. Determine f(v).
-8
Suppose 3*j + 3 = 6. Let q(o) = -7*o - 4. Let g(w) be the second derivative of -w**3/6 - 6*w. Let t(u) = j*q(u) - 6*g(u). Determine t(-8).
4
Let h(u) = -12*u + 79. Let g = -1345 - -1352. Calculate h(g).
-5
Let x(t) be the first derivative of -5*t**2/2 - 12*t - 1914. Determine x(5).
-37
Suppose -85*t - 107*t - 1152 = 0. Let a(z) = -z**2 - 11*z + 7. Calculate a(t).
37
Let f(j) = 50*j**3 - 55*j**2 + 3*j - 7. Let m(n) = -16*n**3 + 16*n**2 - n + 2. Let g(r) = 2*f(r) + 7*m(r). Let d be -1 - 4/6*-3. Give g(d).
-11
Suppose 2*f + 132 = 842. Suppose 35 = 348*b - f*b. Let r(h) = -2*h + 1. What is r(b)?
11
Suppose -13 = -p - 4*c, 4*p - 76 = 5*c - 3. Suppose 0 = 3*z - p*z - 56. Let u(b) = 5*b - 4*b + 0*b - 5. Determine u(z).
-9
Let r(q) = 300*q**2 - q**3 - 283*q**2 - 13 - 8 - 13*q + 5. Determine r(16).
32
Suppose -6*h = -32 - 40. Let d(s) = -s**3 - 11*s**2 - 2*s - 9. Let g be d(-11). Suppose -h*z + 4 = -g*z. Let o(a) = -a**3 - 5*a**2 + 5. Determine o(z).
-11
Let h(t) = -66 + 1 - 6*t - 50. Let j be h(-19). Let o(z) = -20*z. What is o(j)?
20
Suppose -3406 = -15*w + 11204. Let n(u) = u**2 + 11 + 974*u - 2926*u + 974*u - 2 + w*u. Determine n(4).
9
Let n(z) = z**3 + 8*z**2 + 6*z + 2. Let o be n(-7). Suppose 11 = 3*f - 2*l - 4, 0 = 3*l + o. Let i(a) = 2 + 8*a - 2*a - 9*a + 2*a. What is i(f)?
-1
Suppose 13*b - 61 = 30. Let a(n) = 6*n - 6*n + 4*n + 0*n + 6 - b*n. Determine a(5).
-9
Let l be (-2)/(2 - (-10)/(-4)). Let u(m) = -m + 9. Let w be u(l). Let q(d) = -1898*d - 4 + 11 - 1898*d + 3791*d. Calculate q(w).
-18
Let p = 18001/12 + -1500. Let r(z) be the third derivative of 0 + 0*z + 3/2*z**3 - 19*z**2 + p*z**4. Give r(-6).
-3
Let f(s) be the third derivative of -s**4/6 - 7*s**3/2 + 159*s**2. Give f(-3).
-9
Let c(n) be the first derivative of -n**4/4 + 5*n**3 - 7*n**2 - 12*n - 1. Suppose 75 = 5*v + t, 3*t - 18 - 67 = -5*v. Determine c(v).
-12
Let r = 1578 + -1596. Let h(f) = -f - 50. Calculate h(r).
-32
Suppose 107 - 30 = 11*w. Let o(q) = 21*q - 1 + w*q**2 - 3 - 22*q + 2*q**2 + q**3. Determine o(-9).
5
Let j(f) = -7*f**3 + 37*f**2 - 6*f + 2. Let o(q) = -4*q**3 + 20*q**2 - 3*q + 1. Let b(i) = -6*j(i) + 11*o(i). Let c(n) = -n - 7. Let t be c(-4). Determine b(t).
26
Let p(r) = r - 2 + 18*r**2 + 37 - 17*r**2. What is p(0)?
35
Let u(v) = -6*v - 137. Let b be (-18)/1 + -8 + 32/16. Calculate u(b).
7
Suppose -6*a + 360 = 330. Let d(o) = -o + a*o - 7 - o - o + 0*o. Give d(-5).
-17
Let m(c) = 2*c**2 + 5*c - 4. Let x(z) = -z**3 - 30*z**2 + 32*z + 23. Let l(a) = -a**2 + a. Let r(k) = -4*l(k) + x(k). Let w be r(-27). Give m(w).
8
Suppose 178*v - 5364 + 1092 = 0. Let g(l) = 3*l + 303. Let u(f) = -f - 76. Let z(m) = -4*g(m) - 15*u(m). Determine z(v).
0
Suppose 2*i + 1 = -5. Suppose 0 = 73*j - 93*j + 80. Let d(q) = -q + j*q**2 - 14 + 0*q**2 + 0*q**3 + q**2 + q**3 + 13. What is d(i)?
20
Let j(d) = -6*d - 170. Let q be 58872/(-1980) + (-8)/30. Give j(q).
10
Let l = 23 - -109. Let k = 141 - l. Let g(f) = 3*f**2 - 8*f + 5. Let c(w) = 7*w**2 - 15*w + 11. Let d(y) = 2*c(y) - 5*g(y). Determine d(k).
6
Let k(m) = 5 + 2 + 5*m - 6. Suppose -9 = -4*t + 3*t - 2*p, -5*t = p - 9. Suppose 0 = 12*h + 13 - t. Give k(h).
-4
Let o(l) = -2*l**3 + 5*l**2 + 2*l - 7. Let b be o(3). Let s(g) = -19*g + 6*g - 116*g**2 - 14 + 115*g**2. What is s(b)?
16
Let g(d) be the first derivative of -7*d**2 - 4*d - 74 + 4*d**2 + 8*d + 4*d**2. Determine g(6).
16
Let w(x) be the third derivative of x**4/3 - 4*x**3/3 - 8*x**2 + x. Let i(n) = 7*n - 6. Let a(g) = -3*i(g) + 2*w(g). What is a(-3)?
17
Suppose 2*v + 2*v + 8 = 0. Let t(p) = 68*p - 83*p + 4*p**2 + 3 - 1 + 6. Let c(x) = -x**2 + 4*x - 2. Let d(n) = v*t(n) - 9*c(n). Determine d(4).
-6
Let y be 1/4 + (-124)/(-16). Suppose y*m - 3*m - 8*m = 0. Let w(n) = n**3 - n**2 - 2. Determine w(m).
-2
Let t(q) be the third derivative of q**5/60 + q**4/12 - q**3/2 - q**2 - 428*q + 5. Determine t(-3).
0
Let g(b) = -b - 17. Suppose 2*i - 13 - 17 = 0. Suppose 9*f - i = -87. Give g(f).
-9
Let g(q) = q**2 - 2*q. Let r = -292 + 296. Suppose -3*h - 12 = -d + 6*d, -5*h = -r*d + 20. What is g(d)?
0
Suppose 93*y - 49*y + 264 = 0. Let c(p) = p**3 + 7*p**2 + 5*p + 9. Give c(y).
15
Let f(u) = -u**3 + 29*u**2 - 30*u + 57. Let h be f(28). Let l be (-2*h)/((-98)/(-147)). Let x(g) = 5*g - 4. Give x(l).
-19
Let f = 0 - -3. Let x(j) = -f + 0*j - 3 - j + 5. Let m be (-15)/4*220/165. What is x(m)?
4
Let x be ((-1)/4)/((-72)/(-3168)). Let d(l) = 3*l + 19. Give d(x).
-14
Let a(x) be the third derivative of x**8/5040 + 37*x**5/20 + 85*x**2 - 3*x. Let g(z) be the third derivative of a(z). Give g(2).
16
Suppose -28 - 566 = -99*j. Let a(t) = 6*t - 33. What is a(j)?
3
Let f(u) = 4 + u - 3 - 2. Suppose 129 = 28*s - 25*s. Suppose s*o = 36*o. Calculate f(o).
-1
Let t(c) = 3*c + 1. Let o(a) = -2*a**2 + 41*a - 147. Let d be o(16). Calculate t(d).
-8
Let w(l) = -2*l**2 - 3*l + 1. Let u(v) = -v**2 - v + 1. Let h(f) = -5*u(f) + 2*w(f). What is h(-2)?
3
Let o = 95 + -91. Let y(r) = o + 6 + 4 - 13 - 3*r. Suppose 0 = -3*a + 4 + 2. Determine y(a).
-5
Let z be 870 + -866 - (-1 - 1). Let g(l) = 22*l - 146. Give g(z).
-14
Let o(n) = 54*n**2 - 45*n. Let r(a) = -16*a + 46. Let z be r(-14). Suppose z = -c + 7*c. Let x(w) = -w**2 + w. Let i(h) = c*x(h) + o(h). Calculate i(-1).
9
Let x(r) = r - 12. Let z be (-102)/(-4)*(2 - (-16)/(-6)). Let q = z + 19. Suppose 4*g = -q*g + 36. Determine x(g).
-6
Let k(i) = -20*i**2 - 1. Let y(r) = -121*r**2 + 2*r - 6. Let u(z) = -6*k(z) + y(z). Suppose -3*m + 11 = f, -f + 2*m + 3 = m. What is u(f)?
-15
Suppose 9*l = 3*h + 4*l - 495, -2*h + 308 = 4*l. Let a be (4 - 7/2)*h. Suppose -7*y = 31 - a. Let g(u) = -u**3 + 6*u**2 + 4*u + 9. Give g(y).
-12
Let w(a) = 3*a + 30. Suppose r - 13 = -61. Let n = 40 + r. Let c be w(n). Let u(y) = y**2 - 6*y - 4. Calculate u(c).
-4
Let g(u) = -2*u + 3. Let v(f) = 7*f**3 + 4*f**2 - 7*f - 10. Let t(s) = 6*s**3 + 5*s**2 - 6*s - 9. Let m(w) = -6*t(w) + 5*v(w). Let h be m(-10). Determine g(h).
15
Let x(p) be the second derivative of p**3/2 - 67*p**2/2 - 2464*p. What is x(13)?
-28
Suppose -13 = 2*v - 3*x, -11 + 6 = x. Let b be (-4)/v - (132/(-28) - -4). Let w(o) = 5*o. Determine w(b).
5
Let f(o) = -4*o - 65. Let m = 6684 - 6700. Determine f(m).
-1
Suppose 631 = -4*y - 5*w, 6*w = -5*y + 5*w - 815. Let k = y + 174. Let a(r) = r**2 - 11*r + 5. Give a(k).
-5
Let u(x) be the first derivative of -5/2*x**2 + x - 14. Suppose -b - 3*b = -8. What is u(b)?
-9
Let a(k) = -k**2 + 4*k + 8. Let z be (-2)/((-9)/2 + 4). Suppose -4*h + 14 = 2*l + 10, -z*h + 16 = 4*l. Determine a(l).
-4
Suppose 2*p = 4*h - 6, -3*h = -3*p + p - 4. Suppose -2*m - x = 4 + 5, -6 = -h*x. Let f(j) = -12 - 107*j**3 + 8*j + 17 - 5*j**2 + 106*j**3. Determine f(m).
-7
Let f(g) = g**3 - 4*g**2 + 4*g. Let a be (-27)/(13 + -7 + -5). Let w be 6/27 + ((-75)/a - 0). Give f(w).
3
Suppose -34*d = -520*d - 1176 - 2712. Let n(l) = 1 - 3 + 2*l - 3*l. Determine n(d).
6
Let n = 4 - 7. Let y = 34 + -29. Let r(b) = -10*b**2 + 1 + 4*b - y*b + 9*b**2. Calculate r(n).
-5
Let g(c) = 20*c**2 - 2*c + 1. Let p(l) = -9*l - 51. Let r be 7*1*(